{"id":11019,"date":"2017-03-27T15:58:49","date_gmt":"2017-03-27T20:58:49","guid":{"rendered":"http:\/\/multivracecono.com\/?post_type=product&amp;p=11019"},"modified":"2017-03-27T15:58:49","modified_gmt":"2017-03-27T20:58:49","slug":"pierres-decoratives-galets-de-riviere","status":"publish","type":"product","link":"https:\/\/multivracecono.com\/index.php\/produit\/pierres-decoratives-galets-de-riviere\/","title":{"rendered":"GALETS DE RIVI\u00c8RE 3\/8 \u00e0 3\/4"},"content":{"rendered":"<p>Pierre servant \u00e0 rechauusser L&rsquo;entr\u00e9 d&rsquo; auto, et d\u00e9corative<\/p>\n<p>3\/8 \u00e0 3\/4 pouces couvre 60&prime; \u00e0 70 pi 2.<br \/>\n1V3 = 1.5 Kg<\/p>\n","protected":false},"excerpt":{"rendered":"<p>Pierre servant \u00e0 rechauusser L&rsquo;entr\u00e9 d&rsquo; auto, et d\u00e9corative 3\/8 \u00e0 3\/4 pouces couvre 60&prime; \u00e0 70 pi 2. 1V3 = 1.5 Kg<\/p>\n","protected":false},"featured_media":11288,"template":"","meta":[],"product_cat":[98],"product_tag":[],"class_list":{"0":"post-11019","1":"product","2":"type-product","3":"status-publish","4":"has-post-thumbnail","6":"product_cat-en-vrac","8":"first","9":"instock","10":"shipping-taxable","11":"product-type-simple"},"jetpack_sharing_enabled":true,"_links":{"self":[{"href":"https:\/\/multivracecono.com\/index.php\/wp-json\/wp\/v2\/product\/11019","targetHints":{"allow":["GET"]}}],"collection":[{"href":"https:\/\/multivracecono.com\/index.php\/wp-json\/wp\/v2\/product"}],"about":[{"href":"https:\/\/multivracecono.com\/index.php\/wp-json\/wp\/v2\/types\/product"}],"wp:featuredmedia":[{"embeddable":true,"href":"https:\/\/multivracecono.com\/index.php\/wp-json\/wp\/v2\/media\/11288"}],"wp:attachment":[{"href":"https:\/\/multivracecono.com\/index.php\/wp-json\/wp\/v2\/media?parent=11019"}],"wp:term":[{"taxonomy":"product_cat","embeddable":true,"href":"https:\/\/multivracecono.com\/index.php\/wp-json\/wp\/v2\/product_cat?post=11019"},{"taxonomy":"product_tag","embeddable":true,"href":"https:\/\/multivracecono.com\/index.php\/wp-json\/wp\/v2\/product_tag?post=11019"}],"curies":[{"name":"wp","href":"https:\/\/api.w.org\/{rel}","templated":true}]}}