{"id":10868,"date":"2017-03-22T19:47:40","date_gmt":"2017-03-23T00:47:40","guid":{"rendered":"http:\/\/multivracecono.com\/?product=engrais-naturel-pour-transplanteur-engrais-4-10-2"},"modified":"2017-03-22T19:47:40","modified_gmt":"2017-03-23T00:47:40","slug":"engrais-naturel-pour-transplanteur-engrais-4-10-2","status":"publish","type":"product","link":"https:\/\/multivracecono.com\/index.php\/produit\/engrais-naturel-pour-transplanteur-engrais-4-10-2\/","title":{"rendered":"ENGRAIS NATUREL POUR TRANSPLANTEUR                                      ENGRAIS 4-10-2"},"content":{"rendered":"<p>INGR\u00c9DIENTS :<br \/>\n&#8211; Fumier de poule, os moulus<\/p>\n<p>&#8211; Procure des racines abondantes et vigoureuses<br \/>\n&#8211; Favosise une reprise rapide suivant la transplantation<br \/>\n&#8211; Peut \u00eatre utilis\u00e9 comme engraisenracineur pour pelouse<\/p>\n<p>Tags: PROJET PLATE-BANDE, PROJET JARDINERIE, PROJET INT\u00c9RIEUR<\/p>\n","protected":false},"excerpt":{"rendered":"<p>INGR\u00c9DIENTS : &#8211; Fumier de poule, os moulus &#8211; Procure des racines abondantes et vigoureuses &#8211; Favosise une reprise rapide suivant la transplantation &#8211; Peut \u00eatre utilis\u00e9 comme engraisenracineur pour pelouse Tags: PROJET PLATE-BANDE, PROJET JARDINERIE, PROJET INT\u00c9RIEUR<\/p>\n","protected":false},"featured_media":0,"template":"","meta":[],"product_cat":[97,99],"product_tag":[],"class_list":{"0":"post-10868","1":"product","2":"type-product","3":"status-publish","5":"product_cat-en-sac","6":"product_cat-engrais","8":"first","9":"instock","10":"shipping-taxable","11":"product-type-simple"},"jetpack_sharing_enabled":true,"_links":{"self":[{"href":"https:\/\/multivracecono.com\/index.php\/wp-json\/wp\/v2\/product\/10868","targetHints":{"allow":["GET"]}}],"collection":[{"href":"https:\/\/multivracecono.com\/index.php\/wp-json\/wp\/v2\/product"}],"about":[{"href":"https:\/\/multivracecono.com\/index.php\/wp-json\/wp\/v2\/types\/product"}],"wp:attachment":[{"href":"https:\/\/multivracecono.com\/index.php\/wp-json\/wp\/v2\/media?parent=10868"}],"wp:term":[{"taxonomy":"product_cat","embeddable":true,"href":"https:\/\/multivracecono.com\/index.php\/wp-json\/wp\/v2\/product_cat?post=10868"},{"taxonomy":"product_tag","embeddable":true,"href":"https:\/\/multivracecono.com\/index.php\/wp-json\/wp\/v2\/product_tag?post=10868"}],"curies":[{"name":"wp","href":"https:\/\/api.w.org\/{rel}","templated":true}]}}