{"id":10830,"date":"2017-03-22T19:46:12","date_gmt":"2017-03-23T00:46:12","guid":{"rendered":"http:\/\/multivracecono.com\/?product=terreau-pour-semis-et-pousses-agro-mix-05-007-01-2"},"modified":"2017-03-22T19:46:12","modified_gmt":"2017-03-23T00:46:12","slug":"terreau-pour-semis-et-pousses-agro-mix-05-007-01-2","status":"publish","type":"product","link":"https:\/\/multivracecono.com\/index.php\/produit\/terreau-pour-semis-et-pousses-agro-mix-05-007-01-2\/","title":{"rendered":"TERREAU POUR SEMIS ET POUSSES AGRO MIX 0,5-0,07-0,1"},"content":{"rendered":"<p>INGR\u00c9DIENTS :<br \/>\n&#8211; Tourbe de sphaigne, terrenoire, (humus), fibre de noix de coco, perlite,chaux,<br \/>\nengraisnaturel, gypse<\/p>\n<p>&#8211; Favorise une germination rapide et vigoureuse<br \/>\n&#8211; facile \u00e0 humecter gr\u00e2ce \u00e0 la fibre de noix de coco<\/p>\n<p>Tags: PROJET INT\u00c9RIEUR<\/p>\n","protected":false},"excerpt":{"rendered":"<p>INGR\u00c9DIENTS : &#8211; Tourbe de sphaigne, terrenoire, (humus), fibre de noix de coco, perlite,chaux, engraisnaturel, gypse &#8211; Favorise une germination rapide et vigoureuse &#8211; facile \u00e0 humecter gr\u00e2ce \u00e0 la fibre de noix de coco Tags: PROJET INT\u00c9RIEUR<\/p>\n","protected":false},"featured_media":10831,"template":"","meta":[],"product_cat":[97,108],"product_tag":[],"class_list":{"0":"post-10830","1":"product","2":"type-product","3":"status-publish","4":"has-post-thumbnail","6":"product_cat-en-sac","7":"product_cat-terreau","9":"first","10":"instock","11":"shipping-taxable","12":"product-type-simple"},"jetpack_sharing_enabled":true,"_links":{"self":[{"href":"https:\/\/multivracecono.com\/index.php\/wp-json\/wp\/v2\/product\/10830","targetHints":{"allow":["GET"]}}],"collection":[{"href":"https:\/\/multivracecono.com\/index.php\/wp-json\/wp\/v2\/product"}],"about":[{"href":"https:\/\/multivracecono.com\/index.php\/wp-json\/wp\/v2\/types\/product"}],"wp:featuredmedia":[{"embeddable":true,"href":"https:\/\/multivracecono.com\/index.php\/wp-json\/wp\/v2\/media\/10831"}],"wp:attachment":[{"href":"https:\/\/multivracecono.com\/index.php\/wp-json\/wp\/v2\/media?parent=10830"}],"wp:term":[{"taxonomy":"product_cat","embeddable":true,"href":"https:\/\/multivracecono.com\/index.php\/wp-json\/wp\/v2\/product_cat?post=10830"},{"taxonomy":"product_tag","embeddable":true,"href":"https:\/\/multivracecono.com\/index.php\/wp-json\/wp\/v2\/product_tag?post=10830"}],"curies":[{"name":"wp","href":"https:\/\/api.w.org\/{rel}","templated":true}]}}