{"id":11447,"date":"2018-03-13T12:19:12","date_gmt":"2018-03-13T17:19:12","guid":{"rendered":"http:\/\/173.0.195.160\/mv\/?page_id=11447"},"modified":"2018-03-13T12:19:12","modified_gmt":"2018-03-13T17:19:12","slug":"blocs","status":"publish","type":"page","link":"https:\/\/multivracecono.com\/index.php\/blocs\/","title":{"rendered":"Blocs"},"content":{"rendered":"<div id=\"pl-11447\"  class=\"panel-layout\" ><div id=\"pg-11447-0\"  class=\"panel-grid panel-no-style\" ><div id=\"pgc-11447-0-0\"  class=\"panel-grid-cell\" ><div id=\"panel-11447-0-0-0\" class=\"so-panel widget widget_sow-editor panel-first-child panel-last-child\" data-index=\"0\" ><div\n\t\t\t\n\t\t\tclass=\"so-widget-sow-editor so-widget-sow-editor-base\"\n\t\t\t\n\t\t>\n<div class=\"siteorigin-widget-tinymce textwidget\">\n\t<p>&nbsp;<\/p>\n<p>Les blocs CANAWICK sont fabriqu\u00e9es \u00e0 partir de r\u00e9sidus 100% naturels de sciage de bois franc de premi\u00e8re qualit\u00e9 compress\u00e9s, sans aucun additif ou produit chimique.<\/p>\n<p>Con\u00e7ues pour se consumer lentement, les blocs CANAWICK assurent un rendement \u00e9nerg\u00e9tique sup\u00e9rieur, tout en r\u00e9duisant consid\u00e9rablement votre facture de chauffage. Pratiques, propres et convenables, c'est le choix id\u00e9al comme produit de chauffage ou de d\u00e9marrage.<\/p>\n<\/div>\n<\/div><\/div><\/div><div id=\"pgc-11447-0-1\"  class=\"panel-grid-cell\" ><div id=\"panel-11447-0-1-0\" class=\"so-panel widget widget_sow-image panel-first-child panel-last-child\" data-index=\"1\" ><div class=\"panel-widget-style panel-widget-style-for-11447-0-1-0\" ><div\n\t\t\t\n\t\t\tclass=\"so-widget-sow-image so-widget-sow-image-default-8b5b6f678277-11447\"\n\t\t\t\n\t\t>\n\n<div class=\"sow-image-container\">\n\t\t<img loading=\"lazy\" decoding=\"async\" src=\"https:\/\/multivracecono.com\/wp-content\/uploads\/2018\/03\/bloc-pakage.png\" width=\"337\" height=\"269\" srcset=\"https:\/\/multivracecono.com\/wp-content\/uploads\/2018\/03\/bloc-pakage.png 337w, https:\/\/multivracecono.com\/wp-content\/uploads\/2018\/03\/bloc-pakage-300x239.png 300w\" sizes=\"auto, (max-width: 337px) 100vw, 337px\" alt=\"\" \t\tclass=\"so-widget-image\"\/>\n\t<\/div>\n\n<\/div><\/div><\/div><\/div><\/div><div id=\"pg-11447-1\"  class=\"panel-grid panel-no-style\" ><div id=\"pgc-11447-1-0\"  class=\"panel-grid-cell\" ><div id=\"panel-11447-1-0-0\" class=\"widget_text so-panel widget widget_custom_html panel-first-child panel-last-child\" data-index=\"2\" ><div class=\"textwidget custom-html-widget\">\t<\/div><\/div><\/div><\/div><\/div>","protected":false},"excerpt":{"rendered":"<p>&nbsp; Les blocs CANAWICK sont fabriqu\u00e9es \u00e0 partir de r\u00e9sidus 100% naturels de sciage de bois franc de premi\u00e8re qualit\u00e9 compress\u00e9s, sans aucun additif ou produit chimique. Con\u00e7ues pour se consumer lentement, les blocs CANAWICK assurent un rendement \u00e9nerg\u00e9tique sup\u00e9rieur, tout en r\u00e9duisant consid\u00e9rablement votre facture de chauffage. Pratiques, propres et convenables, c&rsquo;est le choix [&hellip;]<\/p>\n","protected":false},"author":1,"featured_media":0,"parent":0,"menu_order":0,"comment_status":"closed","ping_status":"closed","template":"template-fullwidth-no-title.php","meta":{"footnotes":""},"class_list":["post-11447","page","type-page","status-publish","hentry"],"jetpack_sharing_enabled":true,"_links":{"self":[{"href":"https:\/\/multivracecono.com\/index.php\/wp-json\/wp\/v2\/pages\/11447","targetHints":{"allow":["GET"]}}],"collection":[{"href":"https:\/\/multivracecono.com\/index.php\/wp-json\/wp\/v2\/pages"}],"about":[{"href":"https:\/\/multivracecono.com\/index.php\/wp-json\/wp\/v2\/types\/page"}],"author":[{"embeddable":true,"href":"https:\/\/multivracecono.com\/index.php\/wp-json\/wp\/v2\/users\/1"}],"replies":[{"embeddable":true,"href":"https:\/\/multivracecono.com\/index.php\/wp-json\/wp\/v2\/comments?post=11447"}],"version-history":[{"count":0,"href":"https:\/\/multivracecono.com\/index.php\/wp-json\/wp\/v2\/pages\/11447\/revisions"}],"wp:attachment":[{"href":"https:\/\/multivracecono.com\/index.php\/wp-json\/wp\/v2\/media?parent=11447"}],"curies":[{"name":"wp","href":"https:\/\/api.w.org\/{rel}","templated":true}]}}