{"id":10725,"date":"2017-03-22T12:55:26","date_gmt":"2017-03-22T17:55:26","guid":{"rendered":"http:\/\/multivracecono.com\/?page_id=10725"},"modified":"2024-03-25T20:07:29","modified_gmt":"2024-03-25T19:07:29","slug":"deneigement","status":"publish","type":"page","link":"https:\/\/multivracecono.com\/index.php\/deneigement\/","title":{"rendered":"D\u00e9neigement"},"content":{"rendered":"<div id=\"pl-10725\"  class=\"panel-layout\" ><div id=\"pg-10725-0\"  class=\"panel-grid panel-has-style\" ><div class=\"siteorigin-panels-stretch panel-row-style panel-row-style-for-10725-0\" data-stretch-type=\"full-width-stretch\" ><div id=\"pgc-10725-0-0\"  class=\"panel-grid-cell\" ><div id=\"panel-10725-0-0-0\" class=\"so-panel widget widget_sow-image panel-first-child\" data-index=\"0\" ><div\n\t\t\t\n\t\t\tclass=\"so-widget-sow-image so-widget-sow-image-default-113ccd71f3e6-10725\"\n\t\t\t\n\t\t>\n\n<div class=\"sow-image-container\">\n\t\t<img loading=\"lazy\" decoding=\"async\" src=\"https:\/\/multivracecono.com\/wp-content\/uploads\/2024\/03\/slider3.png\" width=\"3300\" height=\"900\" srcset=\"https:\/\/multivracecono.com\/wp-content\/uploads\/2024\/03\/slider3.png 3300w, https:\/\/multivracecono.com\/wp-content\/uploads\/2024\/03\/slider3-300x82.png 300w, https:\/\/multivracecono.com\/wp-content\/uploads\/2024\/03\/slider3-1024x279.png 1024w, https:\/\/multivracecono.com\/wp-content\/uploads\/2024\/03\/slider3-768x209.png 768w, https:\/\/multivracecono.com\/wp-content\/uploads\/2024\/03\/slider3-1536x419.png 1536w, https:\/\/multivracecono.com\/wp-content\/uploads\/2024\/03\/slider3-2048x559.png 2048w, https:\/\/multivracecono.com\/wp-content\/uploads\/2024\/03\/slider3-1320x360.png 1320w, https:\/\/multivracecono.com\/wp-content\/uploads\/2024\/03\/slider3-600x164.png 600w\" sizes=\"auto, (max-width: 3300px) 100vw, 3300px\" alt=\"\" \t\tclass=\"so-widget-image\"\/>\n\t<\/div>\n\n<\/div><\/div><div id=\"panel-10725-0-0-1\" class=\"so-panel widget widget_sow-editor\" data-index=\"1\" ><div\n\t\t\t\n\t\t\tclass=\"so-widget-sow-editor so-widget-sow-editor-base\"\n\t\t\t\n\t\t>\n<div class=\"siteorigin-widget-tinymce textwidget\">\n\t<h3>\u00a0<\/h3>\n<h3 style=\"text-align: center;\">MULTI-VRAC-\u00c9CONO VOUS OFFRE UN\u00a0 SERVICES DE D\u00c9NEIGEMENT \u00a0POUR LA CLIENT\u00c8LE DE FOSSAMBAULT<\/h3>\n<\/div>\n<\/div><\/div><div id=\"panel-10725-0-0-2\" class=\"so-panel widget widget_sow-editor panel-last-child\" data-index=\"2\" ><div class=\"panel-widget-style panel-widget-style-for-10725-0-0-2\" ><div\n\t\t\t\n\t\t\tclass=\"so-widget-sow-editor so-widget-sow-editor-base\"\n\t\t\t\n\t\t>\n<div class=\"siteorigin-widget-tinymce textwidget\">\n\t<p style=\"text-align: center;\">\u00a0<br \/> <span style=\"text-align: center; font-size: 24PT;\">CONTACTEZ-NOUS AU\u00a0<\/span><span style=\"text-align: center; font-size: 48PT;\">418 875-5300\u00a0<\/span><span style=\"text-align: center; font-size: 20PT;\">POUR UNE ESTIMATION GRATUITE<\/span><br \/> \u00a0<\/p>\n<\/div>\n<\/div><\/div><\/div><\/div><\/div><\/div><div id=\"pg-10725-1\"  class=\"panel-grid panel-no-style\" ><div id=\"pgc-10725-1-0\"  class=\"panel-grid-cell\" ><div id=\"panel-10725-1-0-0\" class=\"so-panel widget widget_sow-editor panel-first-child panel-last-child\" data-index=\"3\" ><div\n\t\t\t\n\t\t\tclass=\"so-widget-sow-editor so-widget-sow-editor-base\"\n\t\t\t\n\t\t>\n<div class=\"siteorigin-widget-tinymce textwidget\">\n\t<p>Multi-Vrac-\u00c9cono est une entreprise familial d'ici , pour les gens d'ici . Suite \u00e0 la demande de notre client\u00e8le nous vous offrons un nouveau services de d\u00e9neigement tant r\u00e9sidentiel que commercial . Son objectif est d'offrir un service de qualit\u00e9 qui d\u00e9passe toute attente , vous pourrez prendre le temps de souffler ! nous serons chez vous au moment convenu pour d\u00e9blayer \u00a0votre entr\u00e9e o\u00f9 votre cour qui sera d\u00e9neig\u00e9e avant 7 heures AM et avant 17 heures PM ,le d\u00e9part au travail et le retour \u00e0 la maison sera maintenant simple rapide et agr\u00e9able . Nous utilisons de petits \u00e9quipements adapt\u00e9s et de haute technologie qui n'endommagent pas la surface.<\/p>\n<\/div>\n<\/div><\/div><\/div><\/div><div id=\"pg-10725-2\"  class=\"panel-grid panel-no-style\" ><div id=\"pgc-10725-2-0\"  class=\"panel-grid-cell\" ><div id=\"panel-10725-2-0-0\" class=\"so-panel widget widget_sow-editor panel-first-child panel-last-child\" data-index=\"4\" ><div\n\t\t\t\n\t\t\tclass=\"so-widget-sow-editor so-widget-sow-editor-base\"\n\t\t\t\n\t\t>\n<div class=\"siteorigin-widget-tinymce textwidget\">\n\t<h3 style=\"text-align: center;\">SECTEUR \u00a0COUVERT<\/h3>\n<\/div>\n<\/div><\/div><\/div><\/div><div id=\"pg-10725-3\"  class=\"panel-grid panel-no-style\" ><div id=\"pgc-10725-3-0\"  class=\"panel-grid-cell\" ><div id=\"panel-10725-3-0-0\" class=\"so-panel widget widget_sow-editor panel-first-child panel-last-child\" data-index=\"5\" ><div\n\t\t\t\n\t\t\tclass=\"so-widget-sow-editor so-widget-sow-editor-base\"\n\t\t\t\n\t\t>\n<div class=\"siteorigin-widget-tinymce textwidget\">\n\t<p>Rue Gingras <br \/>( Partir de la piste multfonctionnelle)<br \/>Rue Martel<br \/>Rue Lalibert\u00e9<br \/>Rue de L'Anse Bellevue<br \/>Rue du Quai<br \/>Rue des Catamarans<br \/>Rue des Mousaillon<br \/>Rue du Buisson<\/p>\n<\/div>\n<\/div><\/div><\/div><div id=\"pgc-10725-3-1\"  class=\"panel-grid-cell\" ><div id=\"panel-10725-3-1-0\" class=\"so-panel widget widget_sow-editor panel-first-child panel-last-child\" data-index=\"6\" ><div\n\t\t\t\n\t\t\tclass=\"so-widget-sow-editor so-widget-sow-editor-base\"\n\t\t\t\n\t\t>\n<div class=\"siteorigin-widget-tinymce textwidget\">\n\t<p>Rue des Avirons<br \/>Rue des Voiliers<br \/>Rue des D\u00e9riveurs<br \/>Ch.Montreuil<br \/>Rue Kelly<br \/>Rue des Foug\u00e8res<br \/>Rue des Sentiers<br \/>Rte fossambault<br \/>du 5979 au 7000<\/p>\n<\/div>\n<\/div><\/div><\/div><div id=\"pgc-10725-3-2\"  class=\"panel-grid-cell\" ><div id=\"panel-10725-3-2-0\" class=\"so-panel widget widget_sow-editor panel-first-child panel-last-child\" data-index=\"7\" ><div\n\t\t\t\n\t\t\tclass=\"so-widget-sow-editor so-widget-sow-editor-base\"\n\t\t\t\n\t\t>\n<div class=\"siteorigin-widget-tinymce textwidget\">\n\t<p>Rue Belved\u00e8re<br \/>Rue des Tilleuls<br \/>Rue des Fr\u00eanes<br \/>Rue des Pins<br \/>Rue des M\u00e9l\u00e8zes<br \/>Rue De la Sablonni\u00e8re O<br \/>Rue Belleherbe<br \/>Rue de la Sablonni\u00e8re E<br \/>Rue Coote<\/p>\n<\/div>\n<\/div><\/div><\/div><div id=\"pgc-10725-3-3\"  class=\"panel-grid-cell\" ><div id=\"panel-10725-3-3-0\" class=\"so-panel widget widget_sow-editor panel-first-child panel-last-child\" data-index=\"8\" ><div\n\t\t\t\n\t\t\tclass=\"so-widget-sow-editor so-widget-sow-editor-base\"\n\t\t\t\n\t\t>\n<div class=\"siteorigin-widget-tinymce textwidget\">\n\t<p>Rue du Carrefour<br \/>Rue de la Ronde<br \/>Rue des Bosquets<br \/>Rue des Groseillers<br \/>Pointe aux Bleuet<br \/>Rue du Grand-Huron<br \/>Rue de Kilkenny<\/p>\n<\/div>\n<\/div><\/div><\/div><\/div><\/div>","protected":false},"excerpt":{"rendered":"<p>\u00a0 MULTI-VRAC-\u00c9CONO VOUS OFFRE UN\u00a0 SERVICES DE D\u00c9NEIGEMENT \u00a0POUR LA CLIENT\u00c8LE DE FOSSAMBAULT \u00a0 CONTACTEZ-NOUS AU\u00a0418 875-5300\u00a0POUR UNE ESTIMATION GRATUITE \u00a0 Multi-Vrac-\u00c9cono est une entreprise familial d&rsquo;ici , pour les gens d&rsquo;ici . Suite \u00e0 la demande de notre client\u00e8le nous vous offrons un nouveau services de d\u00e9neigement tant r\u00e9sidentiel que commercial . Son objectif [&hellip;]<\/p>\n","protected":false},"author":1,"featured_media":0,"parent":0,"menu_order":0,"comment_status":"closed","ping_status":"closed","template":"template-fullwidth-no-title.php","meta":{"footnotes":""},"class_list":["post-10725","page","type-page","status-publish","hentry"],"jetpack_sharing_enabled":true,"_links":{"self":[{"href":"https:\/\/multivracecono.com\/index.php\/wp-json\/wp\/v2\/pages\/10725","targetHints":{"allow":["GET"]}}],"collection":[{"href":"https:\/\/multivracecono.com\/index.php\/wp-json\/wp\/v2\/pages"}],"about":[{"href":"https:\/\/multivracecono.com\/index.php\/wp-json\/wp\/v2\/types\/page"}],"author":[{"embeddable":true,"href":"https:\/\/multivracecono.com\/index.php\/wp-json\/wp\/v2\/users\/1"}],"replies":[{"embeddable":true,"href":"https:\/\/multivracecono.com\/index.php\/wp-json\/wp\/v2\/comments?post=10725"}],"version-history":[{"count":2,"href":"https:\/\/multivracecono.com\/index.php\/wp-json\/wp\/v2\/pages\/10725\/revisions"}],"predecessor-version":[{"id":11955,"href":"https:\/\/multivracecono.com\/index.php\/wp-json\/wp\/v2\/pages\/10725\/revisions\/11955"}],"wp:attachment":[{"href":"https:\/\/multivracecono.com\/index.php\/wp-json\/wp\/v2\/media?parent=10725"}],"curies":[{"name":"wp","href":"https:\/\/api.w.org\/{rel}","templated":true}]}}